e 7) to base 15
-290
Convert 821 (base 10) to base 11.
687
de1 (base 15) to base 3
11022011
-607 (base 14) to base 7
-3310
What is 2343 (base 8) in base 9?
1640
Convert 2a46 (base 16) to base 2.
10101001000110
Convert ad7 (base 15) to base 10.
2452
What is -7273 (base 8) in base 16?
-ebb
-21485 (base 11) to base 16
-79d6
What is 218a (base 11) in base 10?
2881
-99a8 (base 12) to base 3
-212021202
Convert -5590 (base 11) to base 6.
-54023
What is -191 (base 14) in base 9?
-388
What is -4555 (base 6) in base 8?
-2067
-3879 (base 14) to base 9
-14527
What is 2110 (base 7) in base 9?
1014
1154a (base 15) to base 2
1101011110011011
What is -43633 (base 8) in base 9?
-27127
Convert -16c71 (base 16) to base 14.
-26001
136236 (base 7) to base 3
1022221010
What is 222 (base 6) in base 16?
56
-290 (base 11) to base 12
-245
-23003133 (base 4) to base 14
-12703
473 (base 8) to base 7
630
-3334122 (base 5) to base 15
-125ac
77343 (base 8) to base 15
9958
2002001 (base 5) to base 3
1121012201
32 (base 10) to base 9
35
11021101 (base 3) to base 6
22231
Convert 1103201 (base 5) to base 2.
100101011101000
8413 (base 12) to base 5
430130
What is 5422 (base 8) in base 16?
b12
Convert 141 (base 6) to base 15.
41
315 (base 7) to base 2
10011111
Convert 431 (base 11) to base 13.
30b
Convert -148 (base 12) to base 3.
-21102
What is 1b286 (base 13) in base 5?
3200201
What is -c1 (base 15) in base 10?
-181
What is -752 (base 15) in base 8?
-3164
Convert -10222 (base 13) to base 10.
-28927
12332 (base 4) to base 13
284
What is 1012112102 (base 3) in base 16?
5ca5
Convert -20211 (base 4) to base 13.
-333
Convert -1132 (base 6) to base 16.
-110
What is 937 (base 13) in base 6?
11131
What is -30b (base 13) in base 12?
-372
Convert -102200 (base 3) to base 2.
-100111011
Convert -10155 (base 6) to base 7.
-3662
Convert -11fb (base 16) to base 2.
-1000111111011
Convert -1506 (base 9) to base 13.
-699
1000111110 (base 2) to base 6
2354
What is -18b99 (base 13) in base 5?
-3014442
Convert -6d1 (base 16) to base 14.
-8c9
Convert 10412 (base 6) to base 16.
5a8
What is -25ab (base 12) in base 2?
-1000011010011
-2610 (base 7) to base 16
-3db
Convert -1001100011011 (base 2) to base 14.
-1ad5
32322113 (base 4) to base 10
61079
6045 (base 10) to base 7
23424
What is 3c4 (base 15) in base 4?
31123
Convert -1312 (base 6) to base 16.
-14c
Convert -89b (base 14) to base 11.
-1310
What is 241 (base 11) in base 9?
348
-212102 (base 3) to base 12
-448
-15341 (base 6) to base 3
-10102221
What is -15 (base 15) in base 9?
-22
-2121120 (base 3) to base 8
-3561
-1000000011011 (base 2) to base 16
-101b
Convert 10000100 (base 4) to base 16.
4010
10eb (base 16) to base 2
1000011101011
-7483 (base 9) to base 2
-1010101111110
1606 (base 12) to base 10
2598
18a (base 11) to base 3
22010
101010011101000 (base 2) to base 6
244344
-1033 (base 6) to base 10
-237
What is 2a7 (base 15) in base 4?
21133
What is -1507 (base 8) in base 5?
-11324
Convert 2600 (base 8) to base 5.
21113
Convert -624a (base 14) to base 7.
-100223
-10001000011 (base 2) to base 4
-101003
-651 (base 11) to base 10
-782
-527a (base 12) to base 6
-105434
Convert 1047 (base 14) to base 16.
af7
Convert 3266 (base 8) to base 15.
798
What is -11000 (base 3) in base 16?
-6c
What is 273 (base 10) in base 16?
111
a34 (base 15) to base 6
14351
Convert 29d5 (base 15) to base 5.
241400
Convert -1535 (base 8) to base 14.
-457
What is -22112011 (base 3) in base 7?
-24055
Convert -3c54 (base 16) to base 3.
-210012000
-7be (base 16) to base 15
-8c2
Convert 322010 (base 4) to base 2.
111010000100
-53d (base 14) to base 5
-13120
-48874 (base 9) to base 10
-32791
ab3 (base 12) to base 9
2140
Convert -3ac (base 16) to base 4.
-32230
What is -916 (base 12) in base 10?
-1314
Convert 10275 (base 10) to base 8.
24043
What is 20102 (base 4) in base 9?
648
Convert -25343 (base 7) to base 4.
-1220213
What is -100130 (base 4) in base 10?
-1052
Convert -73157 (base 9) to base 13.
-18c64
-333c (base 15) to base 9
-15803
What is -15160 (base 7) in base 2?
-1000001101111
What is 36240 (base 7) in base 8?
22253
What is -74267 (base 9) in base 15?
-e811
-7183 (base 10) to base 3
-100212001
What is -112101 (base 3) in base 2?
-110000100
866c (base 15) to base 11
1a416
Convert 4255 (base 6) to base 14.
4d5
-1041412 (base 5) to base 16
-47b5
-6989 (base 10) to base 12
-4065
450 (base 9) to base 2
101110001
Convert 14789 (base 13) to base 11.
27042
Convert -50052 (base 9) to base 2.
-1000000001010100
Convert 7571 (base 14) to base 3.
1000211101
8d3 (base 15) to base 4
133032
What is -44763 (base 8) in base 3?
-221222011
Convert 1c64 (base 14) to base 13.
248a
Convert 15046 (base 8) to base 10.
6694
What is -5c1 (base 16) in base 10?
-1473
Convert -52461 (base 9) to base 11.
-24033
What is -3131233 (base 4) in base 13?
-65c8
Convert a322 (base 12) to base 5.
1031423
What is 1704 (base 13) in base 6?
23400
Convert 100001100 (base 2) to base 12.
1a4
Convert 5170 (base 8) to base 4.
221320
What is 54233 (base 6) in base 13?
3501
b909 (base 13) to base 14
9517
What is -837 (base 9) in base 10?
-682
What is 550 (base 7) in base 6?
1144
What is -7026 (base 8) in base 12?
-2106
Convert -10020201111 (base 3) to base 9.
-106644
What is 73ee (base 16) in base 14?
ab5c
3bb2 (base 13) to base 14
31bd
What is 1313 (base 7) in base 11?
415
Convert 2b5 (base 12) to base 13.
269
What is 19c9 (base 14) in base 10?
4685
-676 (base 10) to base 8
-1244
What is -3262 (base 8) in base 13?
-a1b
Convert -10100 (base 3) to base 2.
-1011010
Convert 1100110111100000 (base 2) to base 6.
1044000
-1877 (base 9) to base 16
-5a7
Convert 121433 (base 6) to base 12.
6279
Convert 1001100101 (base 3) to base 7.
114151
Convert 5562 (base 8) to base 15.
d05
-1221 (base 8) to base 13
-3b7
1021211 (base 3) to base 8
1654
626 (base 8) to base 5
3111
-4140 (base 7) to base 8
-2651
What is 255053 (base 6) in base 15?
6cd0
a96 (base 12) to base 11
1193
Convert -b3 (base 12) to base 8.
-207
Convert -1099 (base 13) to base 12.
-1417
Convert -11011001011 (base 2) to base 4.
-123023
Convert 200133 (base 4) to base 7.
6030
Convert -4623 (base 8) to base 12.
-1503
-1304 (base 8) to base 16
-2c4
Convert 3017 (base 8) to base 11.
1190
What is 574 (base 14) in base 5?
13312
-2e5 (base 16) to base 5
-10431
What is 5170 (base 13) in base 12?
6611
Convert 1108 (base 9) to base 7.
2246
What is 444 (base 16) in base 9?
1443
113 (base 5) to base 14
25
-43541 (base 6) to base 8
-13625
-171 (base 10) to base 13
-102
Convert -121162 (base 7) to base 15.
-67ea
Convert -40a (base 11) to base 2.
-111101110
Convert 129 (base 15) to base 11.
220
Convert 7b4 (base 12) to base 14.
5ba
-13150 (base 10) to base 5
-410100
Convert -38e (base 16) to base 14.
-490
Convert 2021221 (base 3) to base 12.
b74
Convert 63da (base 15) to base 13.
9805
What is -994 (base 13) in base 11?
-1263
-8968 (base 12) to base 4
-3231200
-ab2a (base 15) to base 10
-36265
Convert -14ed (base 15) to base 16.
-1192
-100002 (base 5) to base 6
-22251
Convert -4872 (base 10) to base 16.
-1308
Convert -9fe (base 16) to base 2.
-100111111110
What is -13220012 (base 4) in base 2?
-111101000000110
Convert 2530 (base 14) to base 8.
14556
-895 (base 11) to base 4
-100300
Convert -2405 (base 14) to base 10.
-6277
-2155 (base 6) to base 3
-200122
Convert 11521 (base 7) to base 13.
14a1
Convert 2b (base 12) to base 10.
35
What is -112101 (base 3) in base 12?
-284
3754 (base 12) to base 2
1100001110000
8a44 (base 12) to base 2
11101111010100
Convert -123335 (base 6) to base 14.
-40c3
What is 3142 (base 8) in base 16?
662
Convert 22234 (base 5) to base 3.
2011010
-1022002 (base 3) to base 7
-2522
What is -213 (base 5) in base 9?
-64
What is -100011011000 (base 2) in base 3?
-10002212
-11222 (base 3) to base 10
-134
820 (base 15) to base 14
94a
Convert 11402 (base 11) to base 3.
211120120
Convert -1154 (base 8) to base 4.
-21230
What is 322131 (base 7) in base 12?
28490
What is -221020222 (base 3) in base 15?
-56c8
Convert c97 (base 16) to base 11.
2470
-10873 (base 11) to base 16
-3d49
What is -33102 (base 5) in base 8?
-4345
6ab (base 15) to base 9
2058
Convert -464 (base 9) to base 10.
-382
-42036 (base 7) to base 4
-2201031
Convert 124330 (base 5) to base 16.
1365
Convert -